{"id":1234,"date":"2025-03-07T13:46:42","date_gmt":"2025-03-07T12:46:42","guid":{"rendered":"https:\/\/mellomgarden.nu\/?post_type=mec-events&#038;p=1234"},"modified":"2025-06-10T16:12:19","modified_gmt":"2025-06-10T14:12:19","slug":"malargrupp-gastar-konsthallen","status":"publish","type":"mec-events","link":"https:\/\/mellomgarden.nu\/en\/events\/malargrupp-gastar-konsthallen\/","title":{"rendered":"M\u00e5largrupp g\u00e4star Konsthallen"},"content":{"rendered":"<div class=\"x11i5rnm xat24cr x1mh8g0r x1vvkbs xtlvy1s x126k92a\">\n<div dir=\"auto\">\n<p>Vi \u00e4r glada att v\u00e4lkomna <strong>Studio KrappLack<\/strong> till v\u00e5r konsthall p\u00e5 Mellomg\u00e5rden! Under <strong>v 27 &#8211; 30<\/strong> kan du uppleva en inspirerande utst\u00e4llning fylld med unika verk skapade av <strong>m\u00e5largruppen. <\/strong>Ta en paus, njut av en god fika och l\u00e5t dig f\u00f6rtrollas av konsten i v\u00e5r ljusa och inbjudande milj\u00f6.<\/p>\n<p><strong>Studio KrappLack<\/strong><br \/>\nNu i juli m\u00e5nad st\u00e4ller Atelj\u00e9 KrappLack ut sin konst.<br \/>\nAtelj\u00e9 KrappLack best\u00e5r av tjugo konstn\u00e4rer som till vardags bedriver sin verksamhet<br \/>\nin their studio on \u00d6stertullsgatan in Falk\u00f6ping.<br \/>\nAtelj\u00e9 KrappLack was founded in 1997.<\/p>\n<p>V\u00e4lkommen att uppt\u00e4cka och l\u00e5ta dig inspireras!<\/p>\n<\/div>\n<\/div>","protected":false},"excerpt":{"rendered":"<p>Vi \u00e4r glada att v\u00e4lkomna Atelj\u00e9 KrappLack till v\u00e5r konsthall p\u00e5 Mellomg\u00e5rden! Under v 27 &#8211; 30 kan du uppleva en inspirerande utst\u00e4llning fylld med unika verk skapade av m\u00e5largruppen. Ta en paus, njut av en god fika och l\u00e5t dig f\u00f6rtrollas av konsten i v\u00e5r ljusa och inbjudande milj\u00f6. Atelj\u00e9 KrappLack Nu i juli [&hellip;]<\/p>\n","protected":false},"author":1,"featured_media":1288,"comment_status":"closed","ping_status":"closed","template":"","tags":[],"mec_category":[32],"class_list":["post-1234","mec-events","type-mec-events","status-publish","has-post-thumbnail","hentry","mec_category-konsthallen"],"_links":{"self":[{"href":"https:\/\/mellomgarden.nu\/en\/wp-json\/wp\/v2\/mec-events\/1234","targetHints":{"allow":["GET"]}}],"collection":[{"href":"https:\/\/mellomgarden.nu\/en\/wp-json\/wp\/v2\/mec-events"}],"about":[{"href":"https:\/\/mellomgarden.nu\/en\/wp-json\/wp\/v2\/types\/mec-events"}],"author":[{"embeddable":true,"href":"https:\/\/mellomgarden.nu\/en\/wp-json\/wp\/v2\/users\/1"}],"replies":[{"embeddable":true,"href":"https:\/\/mellomgarden.nu\/en\/wp-json\/wp\/v2\/comments?post=1234"}],"wp:featuredmedia":[{"embeddable":true,"href":"https:\/\/mellomgarden.nu\/en\/wp-json\/wp\/v2\/media\/1288"}],"wp:attachment":[{"href":"https:\/\/mellomgarden.nu\/en\/wp-json\/wp\/v2\/media?parent=1234"}],"wp:term":[{"taxonomy":"post_tag","embeddable":true,"href":"https:\/\/mellomgarden.nu\/en\/wp-json\/wp\/v2\/tags?post=1234"},{"taxonomy":"mec_category","embeddable":true,"href":"https:\/\/mellomgarden.nu\/en\/wp-json\/wp\/v2\/mec_category?post=1234"}],"curies":[{"name":"wp","href":"https:\/\/api.w.org\/{rel}","templated":true}]}}

Målargrupp gästar Konsthallen

<div class="x11i5rnm xat24cr x1mh8g0r x1vvkbs xtlvy1s x126k92a">
<div dir="auto">
<p>Vi är glada att välkomna <strong>Studio KrappLack</strong> till vår konsthall på Mellomgården! Under <strong>v 27 &#8211; 30</strong> kan du uppleva en inspirerande utställning fylld med unika verk skapade av <strong>målargruppen. </strong>Ta en paus, njut av en god fika och låt dig förtrollas av konsten i vår ljusa och inbjudande miljö.</p>
<p><strong>Studio KrappLack</strong><br />
Nu i juli månad ställer Ateljé KrappLack ut sin konst.<br />
Ateljé KrappLack består av tjugo konstnärer som till vardags bedriver sin verksamhet<br />
in their studio on Östertullsgatan in Falköping.<br />
Ateljé KrappLack was founded in 1997.</p>
<p>Välkommen att upptäcka och låta dig inspireras!</p>
</div>
</div>

<p>Vi är glada att välkomna Ateljé KrappLack till vår konsthall på Mellomgården! Under v 27 &#8211; 30 kan du uppleva en inspirerande utställning fylld med unika verk skapade av målargruppen. Ta en paus, njut av en god fika och låt dig förtrollas av konsten i vår ljusa och inbjudande miljö. Ateljé KrappLack Nu i juli [&hellip;]</p>
